 0 = 3*n - p + 69. Let o = n - -34. Calculate the highest common factor of l and o.
12
Suppose y = -2*u + 586, u - 410 = -2*y - 123. Let o = u + -140. Let d be 58 - -8*4/8. Calculate the highest common divisor of o and d.
31
Let u = 26626 + -16899. What is the greatest common divisor of u and 411?
137
Let s be (35/14)/(2/4). Let d be (8/(-2))/(s/(-10)). Suppose 0 = -2*b - 2*z + 12, 2*z + 7 = 3. What is the highest common divisor of d and b?
8
Let y(m) = 69*m + 3120. Let t be y(-45). Calculate the greatest common factor of t and 126.
3
Let p = -152 + 152. Suppose 2*q + r - 110 = p, -2*q - 2*r + 12 = -96. Calculate the highest common factor of 24 and q.
8
Suppose -23*n + 2351 = -1536. What is the greatest common factor of 299 and n?
13
Suppose z = -4*j - 226 + 609, -z = 1. Let n(f) = -180*f - 648. Let l be n(-4). Calculate the highest common divisor of j and l.
24
Let z(d) = -d**2 + 26*d - 27. Let y be z(24). What is the highest common factor of 41 and y?
1
Let k(n) = 7101*n**2 + 17*n - 3. Let f be k(-1). What is the highest common factor of f and 146?
73
Let p be 1379/5 + 46/230. Let g = p - 121. What is the greatest common divisor of g and 31?
31
Let d be (-4378 - -3)*((-4 - -3) + 0). What is the highest common factor of 525 and d?
175
Let s(k) = -79*k - 458. Let q be s(-118). What is the greatest common factor of 64 and q?
32
Let h(i) = 122*i**2 - 40*i + 155. Let u(f) = 43*f**2 - 13*f + 52. Let x(l) = 6*h(l) - 17*u(l). Let m be x(29). Calculate the greatest common factor of 63 and m.
21
Let m = 199 - 42. Suppose -5*t - y + 1982 = 0, 5*y + m = 3*t - 1021. Calculate the highest common divisor of t and 36.
36
Let d(o) = 5*o + 32. Let f be d(16). Suppose s - 5*m = 74, -5*m = 2*s - 6*m - f. Calculate the highest common divisor of 54 and s.
54
Let y(a) = 11*a**2 - 25*a**2 + 12*a**2 + 9 + 15*a. Let o be y(7). Suppose 4*l - o = 4. Calculate the greatest common divisor of l and 2.
1
Suppose -i + c = -91, -88*i = -87*i - 4*c - 70. Calculate the greatest common factor of 4949 and i.
49
Let p be 45/(-36) + (-3)/(-12). Let b be p*2 + (-45)/9. Let y(h) = -4*h - 24. Let m be y(b). Calculate the greatest common factor of 14 and m.
2
Let c(z) = 2*z**3 - 15*z**2 - 7*z - 3. Let p be c(8). Suppose p*f - 60 = -4*h, -3*f + 3*h = 6*h - 33. What is the highest common divisor of 48 and f?
16
Let f be 2 + -4252*10/(-40). What is the greatest common factor of f and 15?
15
Let w(o) = -6*o + 391. Suppose -33*i + 34*i + 161 = -3*p, 4*p + 213 = -3*i. Let r be w(p). What is the greatest common factor of r and 110?
55
Suppose 0 = 47*j + 112*j - 919815. Calculate the greatest common divisor of 65 and j.
65
Let w be (-4 + 6 - -3) + -3. Suppose 2*q - w*r = 17 + 69, -5*r = 5*q - 205. Let b = -3 + 9. What is the highest common factor of q and b?
6
Let f = 18 + 1. Suppose f + 5 = 4*q. Calculate the greatest common divisor of 30 and q.
6
Let c = 5402 + -1892. Calculate the greatest common factor of 26 and c.
26
Suppose -5*g - 9*w = -5*w - 1871, 2*w + 734 = 2*g. What is the greatest common factor of 689 and g?
53
Suppose -5*a = 5*w + 15, 0 = 3*w + 2*a + 2 + 6. Let n be (-19 - 1)/(2*w - -2). Let b = n + 0. What is the highest common factor of 50 and b?
10
Let t = 3230 - 3213. What is the highest common divisor of t and 306?
17
Let l be ((-4)/(-6))/(18/(-234) - (-35)/117). Calculate the highest common divisor of l and 1911.
3
Let i be (-3 - -2)/(89313/8932 + -10). What is the greatest common divisor of 396 and i?
44
Suppose -5*s - 681 = -2*l, 52*s - 5 = 53*s. What is the highest common divisor of l and 184?
8
Let p = 1058 - 639. Let g = p + -356. Calculate the greatest common factor of g and 45.
9
Let t = -178 + 246. Suppose 0 = 5*i + 197 - 3257. Calculate the highest common factor of t and i.
68
Suppose -3*a = -3*s - 4605, 0*a - 4*s = 5*a - 7630. Calculate the greatest common factor of 34 and a.
34
Let l = 64 + 8. Let w = 64 - l. Let v(d) = -17*d + 24. Let i be v(w). Calculate the highest common factor of i and 20.
20
Suppose -w = 132 - 37. Let y = 96 + w. Let o be (-1845)/(-7) - y*6/(-14). Calculate the highest common factor of 33 and o.
33
Suppose 7*t = -2*t + 3*t. Suppose 193*p - 198*p + 55 = t. Calculate the highest common factor of p and 297.
11
Let l be ((-984)/(-6))/(1/(-1)). Let o be (l/(-10))/((-4)/(-10)). Suppose 38*m - 222*m = -30176. Calculate the highest common factor of o and m.
41
Let w = 602 + -582. What is the highest common factor of w and 11380?
20
Suppose 3*k - c - 53 = -9, -4*k = c - 61. Suppose -k = -b - 13. Suppose -2*v = q - 5, -1 + 5 = -b*q + 3*v. Calculate the highest common factor of 4 and q.
1
Suppose 3*m - 464 = 2*m. Let u(o) = -19*o**3 + 742*o**2 - 41*o + 94. Let v be u(39). Calculate the highest common divisor of m and v.
16
Suppose 2*m - 3*y = 21, -35 = -5*m + 3*y - 5. Suppose -27 = -m*d + 27. Suppose d*x - 210 = 564. What is the highest common factor of x and 86?
43
Let x be 2*(4/(-8))/(-1). Let i be (2 + -4)*(x + 1). Let q be (232/16)/((-2)/i). Calculate the highest common divisor of 29 and q.
29
Let m(g) = -g**3 - 31*g**2 + 7*g + 12. Let w be m(-31). Let b = -178 - w. Let k be 38/((-2)/(-1)) - 1. Calculate the greatest common factor of k and b.
9
Let t be (-8 + 11)/((-6)/80). Let v be (3*(-4)/5)/(16/t). Suppose 0 = k - v*k + 45. What is the greatest common factor of k and 63?
9
Let l be 66/(-4)*(-4)/3. Let m(n) = -10*n + 40. Let i be m(-7). Let f be (22 - -2)/(15/i). What is the greatest common divisor of l and f?
22
Let a(m) = m**2 - 8*m + 37. Let c be a(7). Suppose 2*o - 3*p = -4*p + c, -o + 12 = 2*p. Let z be 238/5 - (-2)/5. Calculate the highest common factor of z and o.
16
Suppose -5*y + 1609 = 175*y - 2891. What is the greatest common factor of 3205 and y?
5
Let q = -2 - -6. Suppose q*y - 9*y + 405 = 0. Let l be (-105)/(-12) + (-2)/(-8). Calculate the highest common divisor of l and y.
9
Suppose -8*y + 57 = 11*y. Suppose -4*r = 5*u - 85, y*u = 5*r - 9*r + 59. What is the highest common factor of u and 299?
13
Let j(d) = -44*d**3 + 5*d**2 - 34. Let o be j(-3). Calculate the greatest common factor of o and 22.
11
Suppose -2*d = -3*l - 1764, -45*l = -48*l - 4*d - 1764. Let p = l - -606. Calculate the greatest common factor of 114 and p.
6
Suppose 8 = -3*x - 4, -2*x = -3*v + 11. Suppose 6*y - v - 17 = 0. Suppose 0 = -y*c - c + 72. What is the highest common factor of 27 and c?
9
Let g = -10869 - -10963. Calculate the greatest common divisor of g and 1081.
47
Let m be (3502/10 - 7)*90/27. What is the highest common divisor of m and 104?
104
Suppose -1321*z - 4760 = -1356*z. Calculate the highest common divisor of 15368 and z.
136
Let u = -5913 + 5925. Calculate the greatest common factor of u and 8196.
12
Suppose 55 + 17 = 8*h. Let k be h/(-27) - 49/(-3). Let i(x) = -21*x + 29. Let o be i(1). Calculate the greatest common factor of o and k.
8
Let w be (-72 - (-22 - -4))/((-1)/150). Calculate the greatest common divisor of w and 60.
60
Let v(o) = 2*o + 14. Let z be v(-11). Let c be (-3)/(-6)*z + 0. Let b be (-60)/(-9) - c/(-6). What is the greatest common factor of b and 48?
6
Let f(d) = -d + 14. Let r be f(10). Suppose 5*c - 53 = -2*o - 10, 0 = 5*o + 4*c - 65. Calculate the greatest common factor of o and r.
1
Suppose 0 = 4*j + 8, -4*h - 4*j - 13 + 17 = 0. What is the highest common factor of 864 and h?
3
Let a be (20 - 4494/(-35)) + 4/(-10). Calculate the highest common factor of a and 6697.
37
Let i(b) = 7 - 1 - 2 - 2*b - 2. Let k be i(1). Suppose -14*m + 12*m + 32 = k. Calculate the greatest common factor of 64 and m.
16
Let a(n) = 4*n**2 - 3*n - 5. Let q be (-1 - 1)/(3/120). Let z = 75 + q. Let w be a(z). Calculate the greatest common divisor of 10 and w.
10
Let t = 259 + -536. Let c = t + 581. Calculate the highest common factor of 38 and c.
38
Let c(g) = 20*g + 11. Let u be c(8). Suppose 21 = 3*d + 2*p, 3*p - 7*p + 6 = 2*d. Calculate the highest common factor of d and u.
9
Let z(g) = -30*g**2 + 4*g - 3. Let r be z(2). Let s = r + 5. Let y = s + 220. Calculate the greatest common divisor of y and 10.
10
Suppose -344 = -w + 8*a - 4*a, -a = 5*w - 1846. What is the greatest common divisor of w and 800?
16
Let r(o) = -o**3 + 4*o**2 + 16*o - 10. Let t be r(6). Let u = t - 0. What is the highest common factor of u and 14?
14
Let r = -47 + 109. 